. Suppose -5*a + 2*x + 420 = -3*x, -z*a = 2*x - 180. Is a prime?
False
Is (-3 - 63292/20)*35/(-7) composite?
True
Suppose 3*z = 4*h + 51821, -4256 - 13031 = -z + 4*h. Is z composite?
True
Suppose 7*i - 12*i = -535. Let x = i - -594. Is x a composite number?
False
Let i be 0 + 3 - (7 - -2). Let z be -3 - 0 - 3 - -3. Is i + 6 + z + 22 prime?
True
Let u(i) = -i**3 - 5*i**2 + 3. Let s be u(-5). Suppose 278 = s*n - 139. Is n prime?
True
Suppose -9*o + 13 = -3758. Is o a prime number?
True
Let o = 20 - 17. Suppose o*i = 11 + 1. Suppose 0 = -0*s + i*s + 4*b - 1016, 5*s - 4*b = 1297. Is s a prime number?
True
Let t = -426 + 1339. Is t prime?
False
Let y = 1 - 1. Suppose 2*t - 6 + 0 = y. Suppose 111 = t*g - 0*g. Is g prime?
True
Let d(g) = g**3 + 8*g**2 - 12*g - 22. Let r be d(-9). Suppose -34 = r*z + 186. Let b = 335 + z. Is b a prime number?
False
Let g(l) = 2*l - 4. Let j be g(-3). Let q(b) = -80*b - 86. Let r(c) = -16*c - 17. Let d(f) = -2*q(f) + 11*r(f). Is d(j) a composite number?
True
Suppose -12 = -l - 14. Is (l + 4)/(4/2234) a composite number?
False
Suppose -135 = j - s - 2630, 0 = -j + 5*s + 2479. Suppose -3*n - k + j = -863, -3*n + 3*k = -3342. Is n composite?
True
Let b(y) be the first derivative of -y**4/4 + 8*y**3/3 - 4*y**2 + 10*y + 2. Let r be b(7). Suppose r*v + 3 = -3, -3*s + 4*v + 473 = 0. Is s prime?
False
Suppose -47780 = -1807*y + 1797*y. Is y composite?
True
Suppose -889 = -19*b + 26*b. Let y be (-9624)/(-21) + 2/(-7). Let i = b + y. Is i prime?
True
Let f(d) = -463*d + 13. Let q be f(-3). Is q*((-9)/12)/(6/(-4)) prime?
True
Let z = -76 + 233. Let x = z + -87. Suppose -5*c + 28 = 2*b, -c = 5*b - 3*c - x. Is b a composite number?
True
Let n(k) = 3*k**3 + k**2 - k + 1. Let a be n(1). Suppose -b + 15 = -2*t - t, 4*b + 2*t = a. Suppose -b*j + 0 + 201 = 0. Is j a prime number?
True
Let i(a) = -a**3 - 4*a**2 + 4*a - 6. Let w be i(-5). Let t be -6*1*w/3. Suppose -3*m = 4*f - 581, 4*f - 2*m = t*m + 616. Is f a prime number?
True
Let b = -6 - -8. Suppose b*k = 2*a + k + 1, 0 = -5*a + 5*k - 5. Let z(x) = -x**2 - x + 587. Is z(a) prime?
True
Let z = 838 + 283. Is z a prime number?
False
Suppose 4*s = -2*d - 81 - 153, s = -2*d - 222. Suppose 0*k = 3*k - 6, 372 = -5*m - 4*k. Let n = m - d. Is n a composite number?
True
Suppose 2*w + j - 29 = 0, 4*j + 25 = 5. Let i = -15 + w. Suppose -5*n - 182 + 7 = -5*u, i*n = 4*u - 136. Is u a prime number?
False
Let p(x) = -x**2 + 4*x + 3. Let i = -6 + 9. Let j be p(i). Suppose -4*y = -5*h + 1479, 3*h - j*y = -3*y + 888. Is h prime?
False
Let j = 1177 + -740. Suppose -4*k + 201 - 1409 = 4*c, 2*c + 608 = -k. Let o = c + j. Is o a prime number?
True
Let c = -375 + -252. Let t = 1258 + c. Is t composite?
False
Is 9397 - (9 + -5 + 2) a composite number?
False
Let z = -1627 + 2326. Suppose -2*n + z = n. Is n a composite number?
False
Suppose 308913 + 35442 = 15*q. Is q a composite number?
True
Suppose -3*l + 5*h - 6 = -0*l, -5*l + 2*h + 9 = 0. Suppose 5*g + 144 = l*d - 111, 5*d = -5*g + 425. Is d composite?
True
Let u(f) = -f**3 + 33*f**2 - 5*f + 80. Is u(19) composite?
False
Suppose 0 = -5*z + 3*p - 8850, -4*z - 5*p - 2696 - 4384 = 0. Let a = -547 - z. Is a prime?
True
Let m(w) = 7*w**3 + 0 - 17 - 5*w**2 + 5 - w + 7. Is m(8) a prime number?
True
Is (-8)/(-6)*-6 - (-29 + -114368) prime?
False
Suppose 2*w - 573 + 59 = 0. Suppose w = -8*a + 9*a. Is a a composite number?
False
Let u = 51 + -59. Is ((-410)/u)/((-3)/(-12)) prime?
False
Suppose -5*s = -a - 25381, 20316 = 4*s - 0*s + 2*a. Is s prime?
True
Is (-1)/(-6) - -3*88086/108 composite?
False
Suppose -29*r + 4*f + 29238 = -27*r, -f + 1 = 0. Is r a composite number?
False
Is (-354382)/(-17) - (5 + -8) a composite number?
False
Let m(i) = -2*i**3 + 13*i**2 - 7*i + 9. Let x be m(6). Suppose -26 = -4*p - b, -x*p + 32 = p + 4*b. Is p prime?
False
Let a(t) = 135*t**2 - 2*t + 3. Suppose 2*s = -s + 12. Let i be a(s). Suppose -2*d - 3*d + i = 0. Is d prime?
True
Let n(h) = h - 7. Let g be n(8). Let w(p) = -601*p - 16. Let o(v) = 120*v + 3. Let d(k) = 11*o(k) + 2*w(k). Is d(g) prime?
False
Let x(p) = -117*p + 248. Is x(-55) a prime number?
False
Suppose -b + 2*k - 4980 = -6*b, 2*b - 5*k - 1963 = 0. Let p be (-8)/36 + 11938/18. Let y = b - p. Is y prime?
True
Is 1532 - 2 - (-2 - 5) composite?
True
Suppose 3*k + 4897 = 8*k - 4*q, k - 5*q = 992. Is k composite?
False
Let d be (1644/(-5))/(6/75). Let y be d/(-12)*16/10. Suppose 2*h - y = -22. Is h a prime number?
True
Let w = 9 + -5. Suppose w*r - 1125 = -r. Is -2*(r/(-2) - 4) composite?
False
Suppose 4*c = 1234 + 6134. Let f = c - 1211. Is f a composite number?
False
Let d = 31 - 29. Suppose -t - j + 151 = -78, d*j = -t + 225. Is t composite?
False
Let z(w) = -w**2 - 7 + 11 + 11*w - 35*w + 7. Is z(-18) composite?
True
Let t = 282 - 632. Let g be 1*2*(-1407)/14. Let c = g - t. Is c a prime number?
True
Suppose -2*r + 11 + 1 = 0. Is 2/((-8)/r)*3266/(-3) a prime number?
False
Let h(n) = -n**2 - 11*n - 13. Let x be h(-9). Suppose 3*a - 3898 = -2*t + x*a, -5851 = -3*t + 4*a. Suppose -15*q = -10*q - t. Is q composite?
False
Let g be (-2)/3*-2*3. Let y = -2 + g. Suppose -y*w = -5*w + 147. Is w a prime number?
False
Let m = -298 - -2691. Is m a prime number?
True
Let t(z) = -654*z + 2 + 6 - 7. Is t(-5) composite?
False
Suppose -4*z = -2*v - 426, 2*z + 416 = 6*z - 4*v. Suppose 492 = -11*y + 4914. Suppose f = -z + y. Is f composite?
False
Is 1234831/39 - (-20)/(-15) prime?
False
Let r = 1806 + -1133. Is r prime?
True
Let s = 87 + -130. Let v = s - -188. Is v prime?
False
Let l(s) be the third derivative of s**5/60 + s**4/6 - 3*s**3/2 - 13*s**2. Is l(10) a prime number?
True
Suppose 3*k = -2*k. Suppose 6*v + 23 = -4*c + v, k = -2*c + 5*v + 11. Is (-3 - c)/(7/(-301)) a composite number?
False
Suppose 1007 = 3*d - 7*p + 8*p, p = -5*d + 1681. Is d composite?
False
Let o = 339 + -557. Let w = 409 + o. Is w a composite number?
False
Let x(n) = 2*n**2 + 28*n + 71. Is x(27) prime?
False
Let c = 631 + 1780. Is c prime?
True
Let h(c) = 2*c**3 + 2*c**2 + 8*c + 1. Suppose 5*n - 3*n = 28. Suppose -3*s - u + 5 + n = 0, -2 = -s + 4*u. Is h(s) prime?
False
Let t(c) be the second derivative of 481*c**5/20 - c**4/12 + c**2/2 - 3*c. Is t(1) composite?
True
Let a = 33 + -28. Suppose -v = a*u - 1264 - 828, 2*v = -4*u + 1670. Is u prime?
True
Suppose 2*c = 4*i - 16190, 14259 = 3*i - c + 2115. Is i a composite number?
False
Let c = 2553 - 1010. Is c prime?
True
Suppose -2*m - 5*s - 15 = 0, 3*m - 16 = 4*s - 4. Suppose p + 4256 = 4*x - 0*x, 2*p = m. Suppose -2340 = -4*z + x. Is z composite?
True
Let b(r) = 10*r**2 - 2*r - 3. Let g(l) = l**3 + 4*l**2 - 2*l - 3. Suppose -3*m = 3*x, x = -2*m - 4*x + 12. Let v be g(m). Is b(v) prime?
False
Let h = -19 - -16. Is (h*2/(-6))/(5/655) composite?
False
Let a(r) = -r - 11. Let i be a(-12). Let v(u) = 581*u**3 + u - 1. Is v(i) prime?
False
Let b(r) = 149*r - 5. Let q(p) = -3*p - 42. Let k be q(-16). Is b(k) a composite number?
True
Let c = -152 - -151. Let m = 151 - 26. Is 6/((-30)/m)*c a prime number?
False
Is (-114)/209 + (-1018629)/(-33) a prime number?
False
Let b = -253 - -359. Is b a prime number?
False
Suppose -14*z + 66362 = 20848. Is z a prime number?
True
Suppose 0 = 5*j - 5, s + 26*j - 50021 = 22*j. Is s a prime number?
False
Suppose 4*f = f + w - 28, -4*f - 4*w - 48 = 0. Let y be (-15)/f - 3/2. Is 326/4*(y - -2) a composite number?
False
Let r = -10 + 7. Let w be 2/2*6 + r. Suppose -w*n = 2*n - 1255. Is n a prime number?
True
Let a = 256 - -533. Is (4 - 8) + (a - 6/(-3)) a prime number?
True
Let v = 2 + -13. Let h(y) = -12*y - 12*y + 20*y + 5. Is h(v) prime?
False
Let n(s) = -15*s**3 + s**2 - 4*s - 25. Is n(-5) a composite number?
True
Let u = 346 + -97. Suppose -u = -26*w + 23*w. Is w prime?
True
Let s(d) = 313*d**2 - 45*d + 241. Is s(6) prime?
True
Suppose 2*d = -2*o + 22, 2*o + d = 3*d + 14. Suppose o*r - 1985 = 4072. Is r composite?
False
Is 77539/17 + 10/(-85) composite?
False
Suppose 4*u - 8603 = -3*m, 5*m = u + m - 2165. Is u a composite number?
False
Suppose -2*k = -0*k - 5220. Let b = 3697 - k. Is b composite?
False
Let j(q) = 4*q**3 - 3*q**3 + 3*q - 1 - 4*q + q**2. Let h be j(-2). Is 6/(1/h + 1) a prime number?
False
Is 6/(-27) - (-4 + (-42617)/9) a prime number?
False
Let k(f) = -371*f - 36.